ivided by 132?
127
What is the remainder when 71576 is divided by 17807?
348
Calculate the remainder when 1265 is divided by 25.
15
Calculate the remainder when 9807 is divided by 9705.
102
What is the remainder when 9303 is divided by 22?
19
Calculate the remainder when 579285 is divided by 108.
81
Calculate the remainder when 5903 is divided by 2934.
35
What is the remainder when 4057943 is divided by 44?
43
Calculate the remainder when 154426 is divided by 2.
0
Calculate the remainder when 47488 is divided by 27.
22
What is the remainder when 20552 is divided by 620?
92
Calculate the remainder when 41403 is divided by 254.
1
Calculate the remainder when 67743 is divided by 26.
13
What is the remainder when 58286 is divided by 924?
74
Calculate the remainder when 6058 is divided by 28.
10
Calculate the remainder when 56691 is divided by 210.
201
Calculate the remainder when 4083 is divided by 665.
93
Calculate the remainder when 2477 is divided by 548.
285
Calculate the remainder when 43077 is divided by 158.
101
What is the remainder when 567 is divided by 217?
133
What is the remainder when 469838 is divided by 31?
2
Calculate the remainder when 9243 is divided by 138.
135
Calculate the remainder when 2587 is divided by 259.
256
Calculate the remainder when 682509 is divided by 177.
174
What is the remainder when 3990 is divided by 1994?
2
What is the remainder when 2948189 is divided by 1010?
1009
What is the remainder when 146118 is divided by 23?
22
What is the remainder when 69732 is divided by 1992?
12
What is the remainder when 1582671 is divided by 104?
103
Calculate the remainder when 80758 is divided by 29.
22
What is the remainder when 42833 is divided by 40?
33
What is the remainder when 1821460 is divided by 2?
0
Calculate the remainder when 125380 is divided by 4044.
16
What is the remainder when 22794 is divided by 22785?
9
Calculate the remainder when 89027 is divided by 48.
35
What is the remainder when 10401 is divided by 101?
99
Calculate the remainder when 354772 is divided by 25.
22
Calculate the remainder when 33043 is divided by 33032.
11
Calculate the remainder when 59418 is divided by 45.
18
What is the remainder when 9870 is divided by 54?
42
What is the remainder when 5624 is divided by 75?
74
What is the remainder when 51936 is divided by 742?
738
Calculate the remainder when 4965 is divided by 95.
25
Calculate the remainder when 66539 is divided by 343.
340
What is the remainder when 4301 is divided by 426?
41
What is the remainder when 5938 is divided by 45?
43
Calculate the remainder when 6260 is divided by 58.
54
Calculate the remainder when 112683 is divided by 2504.
3
Calculate the remainder when 5529 is divided by 1381.
5
What is the remainder when 4079 is divided by 3857?
222
What is the remainder when 129238 is divided by 1389?
61
Calculate the remainder when 19220 is divided by 472.
340
What is the remainder when 6908 is divided by 6823?
85
What is the remainder when 17977 is divided by 8671?
635
What is the remainder when 11289 is divided by 124?
5
Calculate the remainder when 2041 is divided by 97.
4
What is the remainder when 9128190 is divided by 32?
30
Calculate the remainder when 227889 is divided by 21.
18
Calculate the remainder when 5089 is divided by 1176.
385
Calculate the remainder when 5136 is divided by 1693.
57
Calculate the remainder when 37349 is divided by 39.
26
What is the remainder when 382408 is divided by 138?
10
Calculate the remainder when 22655 is divided by 21.
17
Calculate the remainder when 12707 is divided by 57.
53
Calculate the remainder when 77249 is divided by 15.
14
What is the remainder when 4485 is divided by 33?
30
What is the remainder when 2586 is divided by 843?
57
What is the remainder when 23705 is divided by 150?
5
What is the remainder when 16413 is divided by 607?
24
Calculate the remainder when 2178 is divided by 605.
363
What is the remainder when 70548 is divided by 2821?
23
What is the remainder when 173525 is divided by 133?
93
What is the remainder when 248274 is divided by 9?
0
Calculate the remainder when 32602 is divided by 5431.
16
Calculate the remainder when 261825 is divided by 101.
33
Calculate the remainder when 9839 is divided by 58.
37
Calculate the remainder when 109162 is divided by 51.
22
What is the remainder when 74771 is divided by 38?
25
What is the remainder when 321 is divided by 161?
160
Calculate the remainder when 88595 is divided by 105.
80
What is the remainder when 35015 is divided by 16?
7
Calculate the remainder when 14452 is divided by 4792.
76
Calculate the remainder when 247006 is divided by 71.
68
What is the remainder when 419358 is divided by 683?
679
What is the remainder when 4216 is divided by 317?
95
Calculate the remainder when 85158 is divided by 88.
62
Calculate the remainder when 3754 is divided by 734.
84
Calculate the remainder when 762922 is divided by 36.
10
What is the remainder when 530266 is divided by 145?
1
Calculate the remainder when 1080 is divided by 290.
210
Calculate the remainder when 14360 is divided by 321.
236
What is the remainder when 21413 is divided by 10699?
15
Calculate the remainder when 1960338 is divided by 283.
280
Calculate the remainder when 11276 is divided by 24.
20
What is the remainder when 90125 is divided by 223?
33
Calculate the remainder when 13046 is divided by 233.
231
Calculate the remainder when 17094 is divided by 75.
69
Calculate the remainder when 18550 is divided by 3058.
202
Calculate the remainder when 9728 is divided by 1218.
1202
What is the remainder when 37619 is divided by 95?
94
What is the remainder when 446723 is divided by 167?
165
Calculate the remainder when 92319 is divided by 238.
213
What is the remainder when 5905 is divided by 146?
65
What is the remainder when 606 is divided by 63?
39
Calculate the remainder when 181682 is divided by 2795.
7
Calculate the remainder when 14527 is divided by 4821.
64
Calculate the remainder when 20888 is divided by 10438.
12
What is the remainder when 802 is divided by 421?
381
Calculate the remainder when 9818 is divided by 115.
43
Calculate the remainder when 173590 is divided by 789.
10
Calculate the remainder when 112604 is divided by 37531.
11
What is the remainder when 20864 is divided by 2318?
2
What is the remainder when 560 is divided by 101?
55
What is the remainder when 7325 is divided by 282?
275
Calculate the remainder when 145815 is divided by 162.
15
What is the remainder when 9984 is divided by 3327?
3
Calculate the remainder when 38620 is divided by 92.
72
What is the remainder when 73050 is divided by 211?
44
Calculate the remainder when 21853 is divided by 10922.
9
What is the remainder when 4106 is divided by 811?
51
Calculate the remainder when 3637 is divided by 3619.
18
Calculate the remainder when 2501 is divided by 2425.
76
Calculate the remainder when 10468 is divided by 29.
28
What is the remainder when 40409 is divided by 6701?
203
What is the remainder when 4712 is divided by 4668?
44
Calculate the remainder when 148791 is divided by 297.
291
Calculate the remainder when 4142 is divided by 1849.
444
Calculate the remainder when 15008 is divided by 343.
259
What is the remainder when 2751 is divided by 183?
6
What is the remainder when 79034 is divided by 1317?
14
What is the remainder when 859 is divided by 121?
12
What is the remainder when 286423 is divided by 225?
223
Calculate the remainder when 26220 is divided by 54.
30
Calculate the remainder when 221894 is divided by 860.
14
What is the remainder when 364989 is divided by 95?
94
Calculate the remainder when 1122 is divided by 172.
90
Calculate the remainder when 174840 is divided by 50.
40
Calculate the remainder when 5862 is divided by 184.
158
Calculate the remainder when 41006 is divided by 5851.
49
What is the remainder when 9173 is divided by 4583?
7
Calculate the remainder when 37436 is divided by 97.
91
Calculate the remainder when 204511 is divided by 101.
87
Calculate the remainder when 5567 is divided by 733.
436
Calculate the remainder when 14717 is divided by 9.
2
What is the remainder when 30045 is divided by 7508?
13
Calculate the remainder when 3271 is divided by 1581.
109
What is the remainder when 142 is di